((-12)/(-9) + -2)*(6 + -3). Let l = 2 + 29. Calculate the remainder when l is divided by (-28)/(-2) + (0 - o).
15
Suppose 1989 = 5*q - 5*p + 639, 2*q - 565 = -3*p. Calculate the remainder when q is divided by 148.
127
Suppose -o - s - 48 = -3*o, 3*s = -2*o + 56. Let v = -3641 - -3714. Calculate the remainder when v is divided by o.
23
Let i(j) = -3*j**2 + 2*j + 8*j**2 + 2*j**2 - 2. Let x = 78 + -80. What is the remainder when i(x) is divided by 6?
4
Calculate the remainder when (12 + -9)/(6*(-2)/(-584)) is divided by 37.
35
Let u = -500 - -512. What is the remainder when 142 is divided by u?
10
Let n(g) = -2*g + 53. Let z be n(-12). Let d = 94 - z. What is the remainder when 64 is divided by d?
13
Let n = -260 + 471. Calculate the remainder when n is divided by 3.
1
Let l = -4 - -11. Let p(k) = -k**3 + 4*k**2 + 5*k - 3. What is the remainder when p(4) is divided by l?
3
Let f(h) = 3*h**3 + 5*h**2 - 9*h - 8. What is the remainder when f(3) is divided by 84?
7
Let t(j) = -3*j - 12. Let w(c) = -c**3 + c**2 + 9*c. Calculate the remainder when t(-9) is divided by w(-3).
6
Suppose 14*z - 76 = 18*z. Let q(l) = l**3 + 19*l**2 + 11. What is the remainder when 31 is divided by q(z)?
9
Suppose -3*q + 2*f + 2*f = 20, 3*q + 3*f = 15. Suppose q = 2*g - 3 - 21. Calculate the remainder when 23 is divided by g.
11
Let u(v) = -v**2 + 10*v + 1. Let x be u(10). Calculate the remainder when 32 is divided by x + 3/1 - -13.
15
Suppose 7*u = w + 3*u, -5*w + 5*u = -15. Suppose -o = -2*o + w. Let x(p) = 10*p + 53. Calculate the remainder when o is divided by x(-5).
1
Let o be 26/2 + 1 + (-11 - -9). Let k(n) = n**2 - 12*n + 14. What is the remainder when 83 is divided by k(o)?
13
Suppose -5*d = -4*n + 15, 0 = 5*n - 5*d + 6*d - 26. Let s = -1 - -1. Suppose -b + s*b = -n. What is the remainder when 13 is divided by b?
3
Suppose 5*p - 14 = -2*p. Suppose 0*l = -p*l. Suppose -b + 3 + 14 = l. Calculate the remainder when 32 is divided by b.
15
Suppose 5*k - 4*k = 14. Let a(u) = -u**3 + 8*u**2 - 11*u + 5. Let j be a(7). Let x = 18 - j. Calculate the remainder when x is divided by k.
13
What is the remainder when 179 is divided by ((-24)/(-3) + -3)*(-6)/(-10)?
2
Let n = -97 + 291. Calculate the remainder when 586 is divided by n.
4
Let r = 49 - -158. What is the remainder when r is divided by 21?
18
Suppose 0 = x + i + 9, -i + 4 = -0*i. Let c = x + 30. Let y = 44 - c. What is the remainder when 79 is divided by y?
25
Let a be 1300/(-35) - (-2)/14. Let d = -29 - a. Calculate the remainder when 10 is divided by d.
2
Suppose 91*o - 81*o = 3760. What is the remainder when o is divided by 97?
85
What is the remainder when 230 is divided by (((-6)/(-8))/3)/((-4)/(-176))?
10
Calculate the remainder when 133/14*(-20)/(-5) is divided by 20.
18
What is the remainder when 120 is divided by (66/11)/((-21)/(-182))?
16
Let f(s) = -31*s - 64. Calculate the remainder when 223 is divided by f(-3).
20
Let v(g) = -g**3 - 2*g**2 - g - 3. Suppose -3*y - 5*l = 163, -4*y = l + l + 208. Let p = y + 57. Calculate the remainder when v(-3) is divided by p.
3
Suppose 0 = 4*k - 158 + 30. Suppose k = 5*o + 12, 0 = -2*a + 2*o + 26. Calculate the remainder when 33 is divided by a.
16
Suppose -5*c = 5 + 5, 0 = -3*d - 3*c + 30. Let x(v) = -v + 12. Let j be x(d). Suppose j = q - 3 - 10. Calculate the remainder when q is divided by 5.
3
Suppose -n = -15 + 4. Let p = 37 - 1. Suppose -8*u = 4*u - p. Calculate the remainder when n is divided by u.
2
Suppose 3*r = -2*r + 440. What is the remainder when r is divided by (2/(-4))/((-4)/184)?
19
Suppose w - 25 = -2*a, 0 = -w + 2*w + 5*a - 22. Calculate the remainder when 52 is divided by w.
25
Suppose 5*u - 160 = -11*l + 6*l, -4*l = -3*u - 142. What is the remainder when (-1)/3 + 403/3 is divided by l?
32
Let j = -587 - -616. What is the remainder when (5/(-10))/((-1)/108) is divided by j?
25
Let h be 1 + (-18 - -1) + -3. Let p = 22 + h. Suppose 82 = 4*y - p*y. What is the remainder when y is divided by 21?
19
Suppose 0 = 2*p - 172 - 238. What is the remainder when p is divided by 54?
43
Suppose 4*u - u - 5*q - 131 = 0, -66 = -2*u - 2*q. What is the remainder when 295 is divided by u?
36
Suppose 3*o - 2256 = -5*o. What is the remainder when o is divided by 17?
10
Let u be (1 - 0 - 5)/(-1). Let b = 60 - 34. What is the remainder when ((-202)/u)/((-4)/8) is divided by b?
23
Let h(l) = l + 5. Let w be (30/(-25))/((-2)/30). Calculate the remainder when h(w) is divided by 12.
11
Let z(t) = -48*t**3 - 4*t**2 - 5*t - 1. Calculate the remainder when 125 is divided by z(-1).
29
Suppose 37 = 3*q - 38. Suppose -477 = -5*g + 2*z, z + 15 = 19. What is the remainder when g is divided by q?
22
Let n(j) = -7*j - 7. Suppose 0 = 3*s - 87 + 33. What is the remainder when n(-6) is divided by s?
17
Suppose 186 = 3*v + 3*n, 14*v - 10*v = 3*n + 234. What is the remainder when 181 is divided by v?
1
Let w = 81 + -55. Suppose -19 = -3*l + 41. Suppose 21*g - w = l*g. What is the remainder when 76 is divided by g?
24
Let v(h) = 2*h**3 - 6*h**2 + 8*h - 36. Calculate the remainder when 502 is divided by v(4).
26
Suppose 19*c - 624 = 554. Suppose 2*k + 19 = -o, 3*k + 57 = -3*o + 2*k. Calculate the remainder when c is divided by -1 + (-2 - o) + 0.
14
Suppose -588 + 4 = -4*q. Calculate the remainder when 453 is divided by q.
15
Suppose 306 = 4*s - 2*p, -3*s - 6 = -5*p - 253. Suppose -4*o + 17 + 43 = 0. Calculate the remainder when s is divided by o.
14
Let d = 865 + -835. What is the remainder when 237 is divided by d?
27
Let h(o) = -o + 3*o**2 - 2*o + 27*o**2. Calculate the remainder when h(2) is divided by 29.
27
Let x = 17 - 12. Let t(k) = 3*k - 3. Calculate the remainder when (0 - 1) + 36*1 is divided by t(x).
11
Let u(t) = -2*t**2 - 38*t - 77. Calculate the remainder when u(-15) is divided by 5.
3
Suppose 126 = -k + 215. Calculate the remainder when k is divided by 18.
17
Let w = -18 - -30. Calculate the remainder when 5 is divided by 2 + (3 - w/3).
0
Let g(c) = c**2 + 20. Calculate the remainder when g(0) is divided by (-2)/3 - 1505/(-129).
9
Let s be ((-17)/2)/(1/(-2)). Let x be (3 - s/5)*15. Let b = x - -18. What is the remainder when 33 is divided by b?
9
Let q(o) be the first derivative of 3*o**4/2 - 2*o**3/3 - o**2/2 + 2*o - 8. Let d(m) = m**2 + 7*m + 1. Calculate the remainder when d(-9) is divided by q(1).
4
Let b = 366 + -361. Calculate the remainder when 86 is divided by b.
1
Suppose -4*j + 28 = -12. Calculate the remainder when (1 - 76)*6/(-18) is divided by j.
5
Suppose 5*c - 45 = -0*c - 2*u, 0 = 5*u - 25. Suppose c*i + 9*i = 128. What is the remainder when i is divided by 5?
3
Let m(d) = d**2 + 4*d - 7. Let v be m(-5). Let h be v - (-3 - (2 - 3)). Suppose -2*p - p + 45 = h. Calculate the remainder when p is divided by 8.
7
Suppose -2*t - 3 + 1 = 0. Let d = t + 11. What is the remainder when 28 is divided by d?
8
Suppose -5*q - 5*j + 3 = 8, 3 = 3*q + 5*j. Let l be -3*q/(-3) + 1. Calculate the remainder when l/(-3) + 18*1 is divided by 5.
4
Suppose -1 = 4*o - 9. What is the remainder when (4 - 2)/((9/6)/3) is divided by o?
0
Let m = 316 + -308. Let l = 7 - -14. Calculate the remainder when l is divided by m.
5
Let n(k) = k**2 + 5*k - 8. Let c = -10 - -3. Let t be n(c). Let p(l) = l**2 - 6*l + 6. What is the remainder when 11 is divided by p(t)?
5
Let i be 7 + (3 - 2)*-4. Suppose 13 = 4*z - i*m, 5*m = -2*z + 4*z - 3. Calculate the remainder when z is divided by 2.
0
Suppose -4*c = c + 4*p, c = 4*p. Let b(j) = j**2 + 2*j + 48. Calculate the remainder when b(c) is divided by 25.
23
Let h(x) = x**3 - x**2 - x + 16. Let c(p) = p**2 - 24*p + 213. Calculate the remainder when c(9) is divided by h(0).
14
Suppose -c + 7*c = 150. Calculate the remainder when c is divided by 9.
7
Suppose 10*k - 85 = 265. Suppose 17 - k = -o. Calculate the remainder when 71 is divided by o.
17
Suppose -4*m + 2*v = 4*v - 24, -4*m + v = -36. Let j = 11 - m. What is the remainder when ((-6)/4)/(-3)*14 is divided by j?
1
Suppose -c = -m - 186, -4*c = -3*m - 161 - 580. Calculate the remainder when c is divided by 64.
55
Let s(m) = -2*m**3 - 2*m - 2. Let t be s(-2). Suppose -3*a = -a - t. Suppose a*v - 180 = 4*v. Calculate the remainder when v is divided by 13.
10
Let v be 212/4 - 2 - 2. Let b = v - 41. What is the 